hat is 5ed3c17 + 3?
5ed3c1a
In base 11, what is -408436 - -42?
-4083a4
In base 4, what is 12201 - -3332233?
10011100
In base 15, what is 5 - 263cd6c4?
-263cd6be
In base 9, what is -2142013 - -42?
-2141861
In base 10, what is -9335330 - -1?
-9335329
In base 12, what is -22067656 - -5?
-22067651
In base 16, what is 5 - -410b517?
410b51c
In base 2, what is 11101 - 1000111001010100000101?
-1000111001010011101000
In base 9, what is 187505 - 806?
186588
In base 15, what is -27 + 22ba7?
22b80
In base 6, what is 1012330 + -1445?
1010441
In base 5, what is 4020330214 + 11?
4020330230
In base 15, what is a1d1b6 + -21?
a1d195
In base 3, what is 22122002212120010 - 1?
22122002212120002
In base 12, what is 299ab66 - 7?
299ab5b
In base 9, what is 4 + -107333605?
-107333601
In base 11, what is 8120339 + -22?
8120317
In base 6, what is -2 + 50410044?
50410042
In base 15, what is -1349b - 10b?
-135a7
In base 12, what is -2380 + 1350?
-1030
In base 11, what is -562097 + -8?
-5620a4
In base 6, what is 111203332 + 23?
111203355
In base 8, what is 5 - 10342517?
-10342512
In base 9, what is 4 - -471036173?
471036177
In base 7, what is -1661 - 2634002?
-2635663
In base 10, what is 3738471 + 6?
3738477
In base 5, what is -10 + 142014211003?
142014210443
In base 3, what is 200212212022 + 2010221?
200222000020
In base 6, what is 1145 + 355113?
400302
In base 13, what is 22ca15 + -78?
22c96a
In base 13, what is -3b - 9678b6?
-967924
In base 10, what is -5 + -2060616?
-2060621
In base 5, what is 1133233220 + -10?
1133233210
In base 11, what is -86 + -7a2639?
-7a2714
In base 7, what is 13623 + 2005?
15631
In base 4, what is 23 - 33013100300?
-33013100211
In base 13, what is 0 - -6a96b81?
6a96b81
In base 7, what is 4000601 - -3553?
4004454
In base 2, what is -1001 + 110011001100011111110?
110011001100011110101
In base 11, what is -661 + 10257?
a6a6
In base 3, what is -12 + 12122101221010?
12122101220221
In base 3, what is -21 - 21010101101020010?
-21010101101020101
In base 15, what is -54ee - 64?
-5563
In base 9, what is -201361840 - -4?
-201361835
In base 3, what is -112101112 - -1210110200?
1021002011
In base 2, what is 111001011101101 - -10011000101?
111011110110010
In base 10, what is -25370 - 4574?
-29944
In base 16, what is -32d + c064?
bd37
In base 6, what is -203255 + -5304?
-213003
In base 15, what is -446829b + 6?
-4468295
In base 10, what is -1016938 - -85?
-1016853
In base 10, what is -839 + 6314?
5475
In base 5, what is -1 - 2112220301?
-2112220302
In base 16, what is 899 + -278af?
-27016
In base 2, what is -11 + -10100111111001001?
-10100111111001100
In base 3, what is -1221000 + -22021010?
-101012010
In base 10, what is 65880 + 3999?
69879
In base 7, what is 1364122220 + 4?
1364122224
In base 4, what is 12130301322 - -10?
12130301332
In base 13, what is 1606 + -269?
136a
In base 5, what is 430012314 + -12?
430012302
In base 9, what is 112816 - 2710?
110106
In base 4, what is -2223 + 21231032322?
21231030033
In base 15, what is -53963 - 13?
-53976
In base 15, what is -3ad - 8494?
-8852
In base 6, what is 155 + 5315320?
5315515
In base 16, what is -33 + 112e69?
112e36
In base 8, what is -4170262 - 150?
-4170432
In base 3, what is 202012 - -1221102111012?
1221110020101
In base 2, what is 11 + -1110100000101010101100?
-1110100000101010101001
In base 11, what is 9a69529 + 4?
9a69532
In base 7, what is -342 - -3330034?
3326362
In base 6, what is 5133154000 + -1?
5133153555
In base 7, what is 32 + -1605206?
-1605144
In base 13, what is -54ca539c - 2?
-54ca53a1
In base 6, what is 14 + 2120411342?
2120411400
In base 16, what is -17d7d + -45?
-17dc2
In base 14, what is -1d751c - -276?
-1d7286
In base 6, what is -10 - 10500043535?
-10500043545
In base 11, what is -30aa5 + 182?
-30923
In base 10, what is -1568574 - 2?
-1568576
In base 14, what is -b95 + -7c38?
-89cd
In base 2, what is -1000 + -11011010011000011100011?
-11011010011000011101011
In base 16, what is -6da1 - -581?
-6820
In base 13, what is -8 - 337225?
-337230
In base 8, what is 41 + 5107541?
5107602
In base 8, what is 17660674 - 0?
17660674
In base 9, what is -656 - -614344?
613577
In base 9, what is 143 - 4545168?
-4545025
In base 4, what is 2 + -101330112001?
-101330111333
In base 10, what is -1 + -4110200?
-4110201
In base 4, what is 11312 - -1012122?
1030100
In base 12, what is -43 + 676bb?
67678
In base 9, what is -258405 - 277?
-258683
In base 14, what is -151 + -a089?
-a1da
In base 7, what is -151 - 16206643?
-16210124
In base 10, what is -2 - 18003661?
-18003663
In base 16, what is -cc0 - -6a056?
69396
In base 13, what is -4104a47 + a?
-4104a3a
In base 4, what is 10103030 + 2230002?
12333032
In base 5, what is 1204103 + -42040?
1112013
In base 7, what is 3 - -136442644?
136442650
In base 10, what is 2 - -301543?
301545
In base 14, what is -83124 + -62?
-83186
In base 10, what is -14990 - 16979?
-31969
In base 12, what is -25b039 - 112?
-25b14b
In base 13, what is -1356a9 + -31?
-13570a
In base 13, what is 1 + 32155a?
32155b
In base 6, what is -1 - -22242441?
22242440
In base 13, what is ab559 - 90?
ab499
In base 12, what is -3 + 27a557b?
27a5578
In base 12, what is -90a - 4b36?
-5844
In base 8, what is -21613 - -1456?
-20135
In base 12, what is 6496974 - 5?
649696b
In base 5, what is -2321114431 + 10?
-2321114421
In base 12, what is -30732 + -1797?
-32309
In base 2, what is -111001111011101 - 10001111010?
-111100001010111
In base 14, what is 1b739 + 3bc?
1bb17
In base 9, what is 228685 + 113?
228808
In base 12, what is 26467b73 - -1?
26467b74
In base 11, what is -17561 + 32?
-1752a
In base 15, what is -9c9 - -17c?
-84c
In base 14, what is 1c40d8 - -132?
1c422a
In base 5, what is -101311312414 + 3?
-101311312411
In base 9, what is 165 - 250220?
-250044
In base 12, what is -1a + -22708?
-22726
In base 16, what is -1e8 + -4959?
-4b41
In base 7, what is -32155 + -2236?
-34424
In base 7, what is 6041124 - -144?
6041301
In base 8, what is 67 - -2030433?
2030522
In base 15, what is -40 + -b465e?
-b469e
In base 16, what is 11d4c - 2a?
11d22
In base 4, what is -1120002132223131 - 2?
-1120002132223133
In base 8, what is -32 - -3266?
3234
In base 10, what is 3230867 - -135?
3231002
In base 8, what is 36303150 - -1?
36303151
In base 9, what is 14 + -5065153?
-5065138
In base 13, what is -49c - -30a99?
305ca
In base 13, what is -3 - 13437b?
-134381
In base 13, what is 3408 + 804?
3c0c
In base 4, what is -323101010111033 + -10?
-323101010111103
In base 13, what is -3a8c - 1bb64?
-22923
In base 5, what is 14232243 + 1024?
14233322
In base 3, what is -2020102011222 - 101?
-2020102012100
In base 8, what is 312461 + 1142?
313623
In base 16, what is 2a82 - 62?
2a20
In base 14, what is 3 + -782d8c?
-782d89
In base 8, what is 5215132 + 0?
5215132
In base 11, what is -113 - 2733a83?
-2734096
In base 13, what is 3b670 + 1b?
3b68b
In base 7, what is 332642156 + 4?
332642163
In base 15, what is -4 + 38426?
38422
In base 5, what is 0 - -110002321421?
110002321421
In base 10, what is 9295 + 87?
9382
In base 6, what is -133254 + 223341?
50043
In base 13, what is -128 - 654?
-77c
In base 16, what is 1 + d1b6d?
d1b6e
In base 14, what is 0 - -7a9b177?
7a9b177
In base 10, what is 21 - 230703?
-230682
In base 8, what is 215414 + -32?
215362
In base 3, what is -2222 + 10000221220?
10000211221
In base 11, what is -1 + -3755aaa?
-3756000
In base 6, what is 1455551345 - -1?
1455551350
In base 6, what is -455333 + -321?
-500054
In base 12, what is -7 + 5150960?
5150955
In base 12, what is -3703 - 7b57?
-b65a
In base 6, what is 33035 - -1052415?
1125454
In base 12, what is 35528856 - 2?
35528854
In base 16, what is -5ebe7b9 - 3?
-5ebe7bc
In base 4, what is 1212202130 - 20?
1212202110
In base 15, what is 1486d4 + -4a?
148689
In base 5, what is -4 + 134143434?
134143430
In base 13, what is -4 + 90b680?
90b679
In base 8, what is 32647141 + 117?
32647260
In base 3, what is -10210122111 - -11221?
-10210110120
In base 11, what is 22 + 127a6?
12818
In base 10, what is -12778 - 8832?
-21610
In base 6, what is -111 - -540144032?
540143521
In base 7, what is -66340145 - 23?
-66340201
In base 13, what is 416980 - 9?
416974
In base 12, what is -43a55844 - -3?
-43a55841
In base 4, what is -201031011220112 + -11?
-201031011220123
In base 6, what 